he highest common factor of 121674 and 11858?
14
Calculate the greatest common factor of 1288 and 3305974.
322
Calculate the highest common divisor of 381515063 and 177.
59
Calculate the greatest common factor of 7890 and 152690.
10
Calculate the highest common factor of 406489 and 21.
1
Calculate the highest common factor of 2047 and 77914249.
89
Calculate the highest common factor of 90609888 and 1056.
96
What is the highest common factor of 108602244 and 3186?
1062
Calculate the greatest common divisor of 10845 and 2379315.
15
Calculate the highest common divisor of 7773971 and 119823.
3631
Calculate the greatest common factor of 3572 and 104301716.
76
What is the highest common divisor of 437388 and 2341626?
5334
Calculate the highest common factor of 785272 and 29252.
412
Calculate the greatest common factor of 792 and 1552364.
44
What is the highest common factor of 3044847 and 429?
39
What is the highest common divisor of 380508367 and 13484?
3371
What is the highest common divisor of 1866 and 231055584?
1866
What is the greatest common divisor of 76073778 and 2952?
738
What is the greatest common factor of 3950 and 677899?
79
Calculate the greatest common factor of 67971090 and 58640.
7330
Calculate the highest common divisor of 360787 and 529937.
199
What is the greatest common factor of 7031 and 114187?
89
Calculate the highest common factor of 33843987 and 1842.
921
Calculate the highest common divisor of 112941 and 4294161.
2403
Calculate the greatest common divisor of 34709493 and 21.
21
What is the highest common divisor of 6512 and 3779441072?
6512
Calculate the highest common divisor of 4697 and 3052511.
77
What is the highest common divisor of 29699901 and 238?
119
What is the highest common divisor of 3078 and 62671158?
3078
Calculate the highest common divisor of 17381 and 30244277.
1337
What is the highest common divisor of 148654 and 1248566?
638
What is the greatest common factor of 3565 and 154646135?
3565
Calculate the greatest common factor of 1117840 and 5473020.
3140
Calculate the highest common divisor of 36 and 32484.
12
Calculate the highest common divisor of 71433 and 60597.
9
Calculate the highest common divisor of 806049387 and 2067.
2067
Calculate the greatest common divisor of 28536 and 9802.
58
What is the greatest common divisor of 1325489492 and 79?
79
What is the highest common factor of 32785106 and 34308?
1906
Calculate the greatest common factor of 199 and 90763104.
199
Calculate the highest common divisor of 93568 and 5792444.
2924
What is the highest common factor of 3016 and 4279327?
377
Calculate the greatest common divisor of 6996 and 768500.
212
Calculate the highest common divisor of 1159 and 1059.
1
What is the highest common divisor of 8710 and 245115?
65
Calculate the highest common divisor of 1007802 and 125712.
162
What is the greatest common factor of 10 and 94627760?
10
What is the highest common divisor of 11678596 and 9980?
1996
What is the highest common factor of 500568 and 30?
6
What is the greatest common divisor of 46274008 and 886?
886
Calculate the greatest common factor of 103175723 and 7.
7
What is the greatest common divisor of 698154960 and 105?
15
What is the highest common factor of 14834099 and 56?
7
Calculate the greatest common factor of 34913754 and 2166.
2166
What is the highest common factor of 26 and 294538?
2
Calculate the highest common factor of 9132707 and 796.
199
What is the highest common divisor of 1782572 and 92?
4
Calculate the greatest common factor of 807 and 168194402.
269
Calculate the greatest common divisor of 102109 and 3857.
203
Calculate the greatest common factor of 48 and 19155438.
6
Calculate the highest common divisor of 9098 and 5347.
1
What is the highest common factor of 17864455 and 7112?
889
Calculate the greatest common divisor of 405416 and 2376.
88
What is the highest common factor of 46233 and 1452?
33
Calculate the highest common divisor of 60 and 5732805.
15
What is the highest common divisor of 5883530 and 5830?
530
Calculate the greatest common divisor of 2296 and 61049.
41
Calculate the highest common divisor of 59220889 and 273.
91
Calculate the highest common divisor of 13255 and 1053305.
55
Calculate the greatest common factor of 351252 and 8064.
36
What is the greatest common divisor of 1012 and 19723052?
92
What is the highest common divisor of 359511 and 957?
3
What is the highest common divisor of 74091733 and 1915?
383
Calculate the greatest common factor of 4089698630 and 178.
178
What is the greatest common factor of 1032 and 142726?
2
Calculate the highest common divisor of 371 and 2760646.
7
What is the greatest common factor of 147344 and 59936?
16
Calculate the highest common divisor of 4064 and 1705864.
1016
What is the highest common divisor of 185130 and 301257?
1683
Calculate the highest common divisor of 75510721 and 13.
13
Calculate the greatest common factor of 349526932 and 4.
4
What is the greatest common divisor of 21716 and 1016?
4
What is the highest common divisor of 19698 and 777042?
294
What is the highest common factor of 68 and 85734672?
68
What is the greatest common divisor of 373 and 11171?
1
Calculate the greatest common factor of 248031 and 120396.
381
What is the highest common factor of 1605 and 1100055?
15
What is the greatest common divisor of 104598300 and 3?
3
Calculate the greatest common divisor of 62 and 11927374.
62
What is the highest common factor of 1282696434 and 18?
18
Calculate the greatest common divisor of 21 and 10884111.
21
Calculate the greatest common factor of 1 and 9841403.
1
Calculate the greatest common factor of 96084597 and 147.
21
Calculate the highest common divisor of 21235177 and 1065.
71
Calculate the greatest common divisor of 9119970 and 270.
90
Calculate the highest common factor of 81 and 223529220.
81
What is the greatest common divisor of 29123611 and 10648?
1331
Calculate the highest common factor of 18827830 and 560.
70
What is the greatest common divisor of 3268678794 and 19524?
9762
What is the greatest common divisor of 665135911 and 121?
121
Calculate the highest common factor of 31050 and 690090.
30
What is the greatest common factor of 83073210 and 30?
30
What is the greatest common divisor of 334004983 and 1742?
871
Calculate the highest common divisor of 4194 and 670203996.
1398
Calculate the highest common factor of 1584 and 1199286.
198
Calculate the greatest common divisor of 11 and 3838153.
11
Calculate the greatest common factor of 989 and 155359.
43
Calculate the highest common divisor of 65448 and 235734.
606
Calculate the greatest common divisor of 58012679 and 199.
199
What is the highest common factor of 56259 and 279321?
987
What is the greatest common factor of 8701162 and 146550?
1954
What is the highest common divisor of 505814 and 5725384?
10762
What is the greatest common factor of 294 and 928722?
6
Calculate the highest common factor of 55 and 54259843.
11
Calculate the greatest common factor of 957252 and 1246452.
2892
Calculate the highest common factor of 518 and 14786051.
259
What is the greatest common divisor of 66 and 6706491?
33
What is the greatest common factor of 46389 and 42415338?
987
Calculate the highest common divisor of 36 and 1169892.
36
Calculate the highest common factor of 33158 and 41241.
59
What is the greatest common divisor of 162 and 204322?
2
What is the highest common divisor of 408302508 and 24?
12
What is the greatest common divisor of 5925901 and 59?
59
What is the greatest common factor of 77 and 883136639?
77
Calculate the greatest common divisor of 8372308 and 2688.
28
What is the greatest common factor of 3074764 and 383228?
596
Calculate the highest common divisor of 2741970 and 23457.
21
What is the greatest common factor of 865133244 and 1116?
1116
What is the highest common factor of 70681988 and 1105?
221
Calculate the highest common factor of 1548509188 and 188.
188
What is the greatest common divisor of 555275 and 6783?
133
What is the highest common factor of 9504 and 983088?
144
What is the highest common divisor of 223763827 and 53?
53
What is the greatest common divisor of 540 and 1817736660?
540
Calculate the highest common factor of 96 and 269396.
4
What is the highest common fa